{"id":122,"date":"2022-10-21T14:15:50","date_gmt":"2022-10-21T12:15:50","guid":{"rendered":"https:\/\/fundacionmosquera.ddns.net\/?page_id=122"},"modified":"2022-12-24T15:28:05","modified_gmt":"2022-12-24T14:28:05","slug":"accion-social","status":"publish","type":"page","link":"https:\/\/fundacionmosquera.ddns.net\/?page_id=122","title":{"rendered":"Acci\u00f3n Social"},"content":{"rendered":"\t\t<div data-elementor-type=\"wp-page\" data-elementor-id=\"122\" class=\"elementor elementor-122\">\n\t\t\t\t\t\t\t\t\t<section class=\"elementor-section elementor-top-section elementor-element elementor-element-303214c elementor-section-boxed elementor-section-height-default elementor-section-height-default\" data-id=\"303214c\" data-element_type=\"section\">\n\t\t\t\t\t\t<div class=\"elementor-container elementor-column-gap-default\">\n\t\t\t\t\t<div class=\"elementor-column elementor-col-100 elementor-top-column elementor-element elementor-element-585cc53\" data-id=\"585cc53\" data-element_type=\"column\">\n\t\t\t<div class=\"elementor-widget-wrap elementor-element-populated\">\n\t\t\t\t\t\t\t\t<div class=\"elementor-element elementor-element-40ba82d elementor-widget elementor-widget-image\" data-id=\"40ba82d\" data-element_type=\"widget\" data-widget_type=\"image.default\">\n\t\t\t\t<div class=\"elementor-widget-container\">\n\t\t\t<style>\/*! elementor - v3.12.1 - 02-04-2023 *\/\n.elementor-widget-image{text-align:center}.elementor-widget-image a{display:inline-block}.elementor-widget-image a img[src$=\".svg\"]{width:48px}.elementor-widget-image img{vertical-align:middle;display:inline-block}<\/style>\t\t\t\t\t\t\t\t\t\t\t\t<img decoding=\"async\" width=\"1024\" height=\"421\" src=\"https:\/\/fundacionmosquera.ddns.net\/wp-content\/uploads\/2022\/12\/servicios-sociales-503785006-e1671890744176-1024x421.jpg\" class=\"attachment-large size-large wp-image-246\" alt=\"\" loading=\"lazy\" srcset=\"https:\/\/fundacionmosquera.ddns.net\/wp-content\/uploads\/2022\/12\/servicios-sociales-503785006-e1671890744176-1024x421.jpg 1024w, https:\/\/fundacionmosquera.ddns.net\/wp-content\/uploads\/2022\/12\/servicios-sociales-503785006-e1671890744176-300x123.jpg 300w, https:\/\/fundacionmosquera.ddns.net\/wp-content\/uploads\/2022\/12\/servicios-sociales-503785006-e1671890744176-768x316.jpg 768w, https:\/\/fundacionmosquera.ddns.net\/wp-content\/uploads\/2022\/12\/servicios-sociales-503785006-e1671890744176.jpg 1471w\" sizes=\"(max-width: 1024px) 100vw, 1024px\" \/>\t\t\t\t\t\t\t\t\t\t\t\t\t\t\t<\/div>\n\t\t\t\t<\/div>\n\t\t\t\t\t<\/div>\n\t\t<\/div>\n\t\t\t\t\t\t\t<\/div>\n\t\t<\/section>\n\t\t\t\t<section class=\"elementor-section elementor-top-section elementor-element elementor-element-d261b78 elementor-section-boxed elementor-section-height-default elementor-section-height-default\" data-id=\"d261b78\" data-element_type=\"section\">\n\t\t\t\t\t\t<div class=\"elementor-container elementor-column-gap-default\">\n\t\t\t\t\t<div class=\"elementor-column elementor-col-33 elementor-top-column elementor-element elementor-element-965044d\" data-id=\"965044d\" data-element_type=\"column\">\n\t\t\t<div class=\"elementor-widget-wrap elementor-element-populated\">\n\t\t\t\t\t\t\t\t<div class=\"elementor-element elementor-element-c276068 elementor-widget elementor-widget-image\" data-id=\"c276068\" data-element_type=\"widget\" data-widget_type=\"image.default\">\n\t\t\t\t<div class=\"elementor-widget-container\">\n\t\t\t\t\t\t\t\t\t\t\t\t\t\t\t<img decoding=\"async\" width=\"960\" height=\"640\" src=\"https:\/\/fundacionmosquera.ddns.net\/wp-content\/uploads\/2022\/12\/Sin-mascarillas-648208783-e1671891487490.jpg\" class=\"attachment-large size-large wp-image-257\" alt=\"\" loading=\"lazy\" srcset=\"https:\/\/fundacionmosquera.ddns.net\/wp-content\/uploads\/2022\/12\/Sin-mascarillas-648208783-e1671891487490.jpg 960w, https:\/\/fundacionmosquera.ddns.net\/wp-content\/uploads\/2022\/12\/Sin-mascarillas-648208783-e1671891487490-300x200.jpg 300w, https:\/\/fundacionmosquera.ddns.net\/wp-content\/uploads\/2022\/12\/Sin-mascarillas-648208783-e1671891487490-768x512.jpg 768w\" sizes=\"(max-width: 960px) 100vw, 960px\" \/>\t\t\t\t\t\t\t\t\t\t\t\t\t\t\t<\/div>\n\t\t\t\t<\/div>\n\t\t\t\t<div class=\"elementor-element elementor-element-e4e9fd5 elementor-widget elementor-widget-image\" data-id=\"e4e9fd5\" data-element_type=\"widget\" data-widget_type=\"image.default\">\n\t\t\t\t<div class=\"elementor-widget-container\">\n\t\t\t\t\t\t\t\t\t\t\t\t\t\t\t<img decoding=\"async\" width=\"640\" height=\"360\" src=\"https:\/\/fundacionmosquera.ddns.net\/wp-content\/uploads\/2022\/12\/zzx-2042564304-e1671891337192.png\" class=\"attachment-medium_large size-medium_large wp-image-255\" alt=\"\" loading=\"lazy\" srcset=\"https:\/\/fundacionmosquera.ddns.net\/wp-content\/uploads\/2022\/12\/zzx-2042564304-e1671891337192.png 640w, https:\/\/fundacionmosquera.ddns.net\/wp-content\/uploads\/2022\/12\/zzx-2042564304-e1671891337192-300x169.png 300w\" sizes=\"(max-width: 640px) 100vw, 640px\" \/>\t\t\t\t\t\t\t\t\t\t\t\t\t\t\t<\/div>\n\t\t\t\t<\/div>\n\t\t\t\t\t<\/div>\n\t\t<\/div>\n\t\t\t\t<div class=\"elementor-column elementor-col-66 elementor-top-column elementor-element elementor-element-8b393cc\" data-id=\"8b393cc\" data-element_type=\"column\">\n\t\t\t<div class=\"elementor-widget-wrap elementor-element-populated\">\n\t\t\t\t\t\t\t\t<div class=\"elementor-element elementor-element-0caf774 elementor-widget elementor-widget-text-editor\" data-id=\"0caf774\" data-element_type=\"widget\" data-widget_type=\"text-editor.default\">\n\t\t\t\t<div class=\"elementor-widget-container\">\n\t\t\t<style>\/*! elementor - v3.12.1 - 02-04-2023 *\/\n.elementor-widget-text-editor.elementor-drop-cap-view-stacked .elementor-drop-cap{background-color:#69727d;color:#fff}.elementor-widget-text-editor.elementor-drop-cap-view-framed .elementor-drop-cap{color:#69727d;border:3px solid;background-color:transparent}.elementor-widget-text-editor:not(.elementor-drop-cap-view-default) .elementor-drop-cap{margin-top:8px}.elementor-widget-text-editor:not(.elementor-drop-cap-view-default) .elementor-drop-cap-letter{width:1em;height:1em}.elementor-widget-text-editor .elementor-drop-cap{float:left;text-align:center;line-height:1;font-size:50px}.elementor-widget-text-editor .elementor-drop-cap-letter{display:inline-block}<\/style>\t\t\t\t<p>En la Fundaci\u00f3n Mosquera nos preocupan las personas. Por ello, realizamos acciones para mejorar sus vidas.<\/p><p>A trav\u00e9s de nuestros programas de acci\u00f3n social, <strong>fomentamos la<\/strong> <strong>integraci\u00f3n<\/strong> <strong>de colectivos en riesgo de exclusi\u00f3n social<\/strong>, ofrecemos <strong>respaldo y soporte tanto a las personas en situaci\u00f3n m\u00e1s desfavorecida como a sus familias<\/strong>, apoyamos la <strong>educaci\u00f3n como herramienta de desarrollo<\/strong>, y facilitamos la <strong>incorporaci\u00f3n al mundo laboral<\/strong>.<\/p><p>Creemos firmemente que <strong>todas las personas<\/strong>\u00a0que componen nuestra sociedad <strong>deben tener oportunidades\u00a0<\/strong>que les permitan <strong>desarrollarse tanto personal como socialmente<\/strong>.<\/p><p>Con nuestro programa de <strong>voluntariado corporativo<\/strong> pretendemos canalizar el <strong>esp\u00edritu solidario<\/strong> de diferentes colectivos a trav\u00e9s de actividades que favorezcan a los m\u00e1s necesitados.<\/p>\t\t\t\t\t\t<\/div>\n\t\t\t\t<\/div>\n\t\t\t\t\t<\/div>\n\t\t<\/div>\n\t\t\t\t\t\t\t<\/div>\n\t\t<\/section>\n\t\t\t\t<section class=\"elementor-section elementor-top-section elementor-element elementor-element-98ea6c4 elementor-section-boxed elementor-section-height-default elementor-section-height-default\" data-id=\"98ea6c4\" data-element_type=\"section\">\n\t\t\t\t\t\t<div class=\"elementor-container elementor-column-gap-default\">\n\t\t\t\t\t<div class=\"elementor-column elementor-col-66 elementor-top-column elementor-element elementor-element-fef86f0\" data-id=\"fef86f0\" data-element_type=\"column\">\n\t\t\t<div class=\"elementor-widget-wrap elementor-element-populated\">\n\t\t\t\t\t\t\t\t<div class=\"elementor-element elementor-element-329b097 elementor-widget elementor-widget-text-editor\" data-id=\"329b097\" data-element_type=\"widget\" data-widget_type=\"text-editor.default\">\n\t\t\t\t<div class=\"elementor-widget-container\">\n\t\t\t\t\t\t\t<p><span><span>La pobreza y la exclusi\u00f3n social son una lacra que hay que combatir, uno de los elementos m\u00e1s importantes para ello es preservar y reforzar el Estado de Bienestar Social. <\/span><\/span><\/p><p><span><span>En la Fundaci\u00f3n Mosquera trabajamos trabajamos en nuestros programas de acci\u00f3n social, <strong>fomentamos la<\/strong> <strong>integraci\u00f3n<\/strong> <strong>de colectivos en riesgo de exclusi\u00f3n social<\/strong>, ofrecemos <strong>respaldo y soporte tanto a las personas en situaci\u00f3n m\u00e1s desfavorecida como a sus familias<\/strong>, apoyamos la <strong>educaci\u00f3n como herramienta de desarrollo<\/strong>, y facilitamos la <strong>incorporaci\u00f3n al mundo laboral<\/strong>.<\/span><\/span><\/p><p><\/p>\t\t\t\t\t\t<\/div>\n\t\t\t\t<\/div>\n\t\t\t\t\t<\/div>\n\t\t<\/div>\n\t\t\t\t<div class=\"elementor-column elementor-col-33 elementor-top-column elementor-element elementor-element-13aab6c\" data-id=\"13aab6c\" data-element_type=\"column\">\n\t\t\t<div class=\"elementor-widget-wrap elementor-element-populated\">\n\t\t\t\t\t\t\t\t<div class=\"elementor-element elementor-element-39a051f elementor-widget elementor-widget-image\" data-id=\"39a051f\" data-element_type=\"widget\" data-widget_type=\"image.default\">\n\t\t\t\t<div class=\"elementor-widget-container\">\n\t\t\t\t\t\t\t\t\t\t\t\t\t\t\t<img decoding=\"async\" width=\"750\" height=\"500\" src=\"https:\/\/fundacionmosquera.ddns.net\/wp-content\/uploads\/2022\/12\/pre3-1474393000-1-e1671892070111.jpg\" class=\"attachment-large size-large wp-image-268\" alt=\"\" loading=\"lazy\" srcset=\"https:\/\/fundacionmosquera.ddns.net\/wp-content\/uploads\/2022\/12\/pre3-1474393000-1-e1671892070111.jpg 750w, https:\/\/fundacionmosquera.ddns.net\/wp-content\/uploads\/2022\/12\/pre3-1474393000-1-e1671892070111-300x200.jpg 300w\" sizes=\"(max-width: 750px) 100vw, 750px\" \/>\t\t\t\t\t\t\t\t\t\t\t\t\t\t\t<\/div>\n\t\t\t\t<\/div>\n\t\t\t\t<div class=\"elementor-element elementor-element-409d398 elementor-widget elementor-widget-image\" data-id=\"409d398\" data-element_type=\"widget\" data-widget_type=\"image.default\">\n\t\t\t\t<div class=\"elementor-widget-container\">\n\t\t\t\t\t\t\t\t\t\t\t\t\t\t\t<img decoding=\"async\" width=\"776\" height=\"255\" src=\"https:\/\/fundacionmosquera.ddns.net\/wp-content\/uploads\/2022\/12\/Exclusion1-3793922014-e1671891549776.gif\" class=\"attachment-large size-large wp-image-258\" alt=\"\" loading=\"lazy\" \/>\t\t\t\t\t\t\t\t\t\t\t\t\t\t\t<\/div>\n\t\t\t\t<\/div>\n\t\t\t\t\t<\/div>\n\t\t<\/div>\n\t\t\t\t\t\t\t<\/div>\n\t\t<\/section>\n\t\t\t\t<section class=\"elementor-section elementor-top-section elementor-element elementor-element-dc0a1f3 elementor-section-boxed elementor-section-height-default elementor-section-height-default\" data-id=\"dc0a1f3\" data-element_type=\"section\">\n\t\t\t\t\t\t<div class=\"elementor-container elementor-column-gap-default\">\n\t\t\t\t\t<div class=\"elementor-column elementor-col-100 elementor-top-column elementor-element elementor-element-464aafd\" data-id=\"464aafd\" data-element_type=\"column\">\n\t\t\t<div class=\"elementor-widget-wrap elementor-element-populated\">\n\t\t\t\t\t\t\t\t<div class=\"elementor-element elementor-element-0bb6c47 elementor-widget elementor-widget-image\" data-id=\"0bb6c47\" data-element_type=\"widget\" data-widget_type=\"image.default\">\n\t\t\t\t<div class=\"elementor-widget-container\">\n\t\t\t\t\t\t\t\t\t\t\t\t\t\t\t<img decoding=\"async\" width=\"1024\" height=\"143\" src=\"https:\/\/fundacionmosquera.ddns.net\/wp-content\/uploads\/2022\/12\/header-2-1830602174-e1671891270369-1024x143.jpg\" class=\"attachment-large size-large wp-image-251\" alt=\"\" loading=\"lazy\" srcset=\"https:\/\/fundacionmosquera.ddns.net\/wp-content\/uploads\/2022\/12\/header-2-1830602174-e1671891270369-1024x143.jpg 1024w, https:\/\/fundacionmosquera.ddns.net\/wp-content\/uploads\/2022\/12\/header-2-1830602174-e1671891270369-300x42.jpg 300w, https:\/\/fundacionmosquera.ddns.net\/wp-content\/uploads\/2022\/12\/header-2-1830602174-e1671891270369-768x108.jpg 768w, https:\/\/fundacionmosquera.ddns.net\/wp-content\/uploads\/2022\/12\/header-2-1830602174-e1671891270369-1536x215.jpg 1536w, https:\/\/fundacionmosquera.ddns.net\/wp-content\/uploads\/2022\/12\/header-2-1830602174-e1671891270369.jpg 2000w\" sizes=\"(max-width: 1024px) 100vw, 1024px\" \/>\t\t\t\t\t\t\t\t\t\t\t\t\t\t\t<\/div>\n\t\t\t\t<\/div>\n\t\t\t\t\t<\/div>\n\t\t<\/div>\n\t\t\t\t\t\t\t<\/div>\n\t\t<\/section>\n\t\t\t\t\t\t\t<\/div>\n\t\t","protected":false},"excerpt":{"rendered":"<p>En la Fundaci\u00f3n Mosquera nos preocupan las personas. Por ello, realizamos acciones para mejorar sus vidas. A trav\u00e9s de nuestros programas de acci\u00f3n social, fomentamos la integraci\u00f3n de colectivos en riesgo de exclusi\u00f3n social, ofrecemos respaldo y soporte tanto a las personas en situaci\u00f3n m\u00e1s desfavorecida como a sus familias, apoyamos la educaci\u00f3n como herramienta&#8230;<\/p>\n","protected":false},"author":1,"featured_media":0,"parent":0,"menu_order":0,"comment_status":"closed","ping_status":"closed","template":"","meta":{"_kad_post_transparent":"","_kad_post_title":"hide","_kad_post_layout":"fullwidth","_kad_post_sidebar_id":"","_kad_post_content_style":"unboxed","_kad_post_vertical_padding":"hide","_kad_post_feature":"hide","_kad_post_feature_position":"","_kad_post_header":false,"_kad_post_footer":false},"_links":{"self":[{"href":"https:\/\/fundacionmosquera.ddns.net\/index.php?rest_route=\/wp\/v2\/pages\/122"}],"collection":[{"href":"https:\/\/fundacionmosquera.ddns.net\/index.php?rest_route=\/wp\/v2\/pages"}],"about":[{"href":"https:\/\/fundacionmosquera.ddns.net\/index.php?rest_route=\/wp\/v2\/types\/page"}],"author":[{"embeddable":true,"href":"https:\/\/fundacionmosquera.ddns.net\/index.php?rest_route=\/wp\/v2\/users\/1"}],"replies":[{"embeddable":true,"href":"https:\/\/fundacionmosquera.ddns.net\/index.php?rest_route=%2Fwp%2Fv2%2Fcomments&post=122"}],"version-history":[{"count":19,"href":"https:\/\/fundacionmosquera.ddns.net\/index.php?rest_route=\/wp\/v2\/pages\/122\/revisions"}],"predecessor-version":[{"id":271,"href":"https:\/\/fundacionmosquera.ddns.net\/index.php?rest_route=\/wp\/v2\/pages\/122\/revisions\/271"}],"wp:attachment":[{"href":"https:\/\/fundacionmosquera.ddns.net\/index.php?rest_route=%2Fwp%2Fv2%2Fmedia&parent=122"}],"curies":[{"name":"wp","href":"https:\/\/api.w.org\/{rel}","templated":true}]}}